 206445077 a composite number?
False
Is 26735405633 a prime number?
False
Is 148150921 composite?
False
Is 412382693 prime?
False
Is 191310407 composite?
False
Is 3466782767 prime?
False
Is 13298525921 prime?
True
Is 994816787 a prime number?
True
Is 1629311279 composite?
True
Is 1413649481 prime?
True
Is 4830504971 a composite number?
True
Is 17214789773 prime?
False
Is 4048769713 a prime number?
True
Is 3708116417 a composite number?
False
Is 11382184727 a prime number?
True
Is 71174964865 composite?
True
Is 1628528071 prime?
False
Is 3554773529 prime?
True
Is 22880861129 prime?
False
Is 28028943331 a prime number?
True
Is 1164046757 prime?
False
Is 5882159939 composite?
False
Is 11495040673 a composite number?
False
Is 858138811 prime?
True
Is 30283583321 a composite number?
True
Is 1513330097 prime?
True
Is 1790617757 a prime number?
True
Is 259330541 a prime number?
True
Is 1679762647 composite?
True
Is 12076570451 composite?
True
Is 35086537399 prime?
True
Is 61946084063 prime?
True
Is 2510454931 prime?
True
Is 626569159 prime?
True
Is 8370911009 a composite number?
False
Is 56648262845 prime?
False
Is 6118449731 prime?
False
Is 951006253 composite?
False
Is 1707135013 a composite number?
True
Is 12782876959 prime?
False
Is 106176346099 a composite number?
True
Is 1045588357 composite?
True
Is 280198027 prime?
False
Is 2224264313 composite?
False
Is 673128341 a prime number?
False
Is 1700305393 prime?
True
Is 2303727161 prime?
True
Is 424360897 a prime number?
False
Is 24856723081 prime?
False
Is 909522667 a prime number?
False
Is 901014061 a prime number?
False
Is 6913026847 composite?
False
Is 5267297653 a composite number?
True
Is 15357034391 a composite number?
True
Is 56735981 composite?
False
Is 4927584073 prime?
True
Is 297137204489 a prime number?
True
Is 23162439 a composite number?
True
Is 443380947 a composite number?
True
Is 56814115 a composite number?
True
Is 82246167273 a prime number?
False
Is 24634007933 a composite number?
False
Is 15820144601 prime?
False
Is 71524969 composite?
False
Is 956106691 composite?
False
Is 5591405767 a prime number?
False
Is 38443746687 a prime number?
False
Is 5222875523 prime?
False
Is 2570924821 a prime number?
False
Is 32931607439 composite?
False
Is 17102797913 composite?
True
Is 22624821091 composite?
True
Is 12608935673 composite?
True
Is 23317017833 composite?
True
Is 554143741 prime?
False
Is 8798346329 prime?
False
Is 381490717 prime?
False
Is 1998006781 a prime number?
True
Is 5625989659 a prime number?
True
Is 4544414081 a composite number?
False
Is 2368290487 prime?
False
Is 9353398611 a prime number?
False
Is 5296265671 a composite number?
False
Is 275994331 composite?
False
Is 15987519451 prime?
True
Is 664137239 a prime number?
False
Is 405030569 composite?
True
Is 175372727 composite?
False
Is 1305205621 a prime number?
True
Is 4678163167 a composite number?
True
Is 14426852767 a prime number?
False
Is 38338963543 a composite number?
True
Is 2284434457 a prime number?
True
Is 429482687 a prime number?
False
Is 865054573 a composite number?
True
Is 7863962209 a composite number?
True
Is 4500864131 prime?
True
Is 72980537 prime?
False
Is 5993800355 a composite number?
True
Is 4997730067 composite?
True
Is 10018456979 a composite number?
True
Is 314135491 a prime number?
False
Is 37963481 a prime number?
True
Is 17545874699 a composite number?
False
Is 899350649 prime?
False
Is 6167380327 prime?
True
Is 83549891 prime?
True
Is 1019543581 composite?
True
Is 2751658309 a composite number?
True
Is 263467441 prime?
True
Is 7048180247 prime?
False
Is 1121158373 a composite number?
True
Is 20229401239 prime?
True
Is 2939928395 a prime number?
False
Is 79004198633 a prime number?
False
Is 581658059 composite?
False
Is 917242151 composite?
True
Is 8524243153 prime?
False
Is 261692803 prime?
True
Is 5574252869 a composite number?
False
Is 998577751 prime?
True
Is 2173510481 a prime number?
False
Is 47458227233 a composite number?
False
Is 889304054 prime?
False
Is 215925835 composite?
True
Is 41961748061 a composite number?
True
Is 7168180193 prime?
True
Is 4983735399 composite?
True
Is 2286698147 a composite number?
False
Is 309307891 a prime number?
True
Is 5469562939 a prime number?
True
Is 35503011587 a prime number?
False
Is 17882875811 a prime number?
False
Is 17052638641 a composite number?
False
Is 4190230223 prime?
True
Is 203285587 a composite number?
True
Is 277840841 a composite number?
True
Is 4026449181 prime?
False
Is 1088801011 a composite number?
False
Is 1872532367 composite?
False
Is 116720026103 a prime number?
True
Is 9574678573 a composite number?
False
Is 114698679 a composite number?
True
Is 87666871 prime?
True
Is 292307473 composite?
True
Is 212757491 prime?
False
Is 985334639 composite?
False
Is 15496503839 prime?
True
Is 1468151353 prime?
True
Is 690813259 composite?
False
Is 332399033 composite?
True
Is 14364219473 composite?
True
Is 43992666583 composite?
False
Is 47745037 composite?
False
Is 827062573 composite?
False
Is 19120406611 composite?
False
Is 7627228783 composite?
True
Is 45850836503 prime?
True
Is 33137936774 composite?
True
Is 2759045773 prime?
False
Is 78902694977 a prime number?
True
Is 70905089 a prime number?
True
Is 895426787 prime?
True
Is 2429316811 a composite number?
True
Is 1692654031 a composite number?
True
Is 2032091263 a composite number?
False
Is 300478951 composite?
False
Is 1194806539 a prime number?
True
Is 2587608731 a composite number?
False
Is 172737557 a composite number?
False
Is 147005407 a prime number?
True
Is 1409714963 prime?
True
Is 2287543897 prime?
False
Is 46016125915 a prime number?
False
Is 1093106629 a composite number?
True
Is 48126271211 composite?
False
Is 4176352637 composite?
True
Is 68292832303 composite?
False
Is 8081036063 composite?
False
Is 48921256613 composite?
False
Is 133341176363 a composite number?
True
Is 1674031847 composite?
False
Is 21804121 prime?
True
Is 6074514937 composite?
False
Is 48973242023 prime?
True
Is 571821295 prime?
False
Is 1973998295 a prime number?
False
Is 1039013317 prime?
False
Is 1195429637 a prime number?
False
Is 1284585833 a composite number?
False
Is 4144410481 composite?
False
Is 52119906001 composite?
False
Is 1307794543 composite?
True
Is 36443732431 composite?
True
Is 30414425317 composite?
False
Is 2942794399 prime?
True
Is 22415095481 a composite number?
True
Is 1695142094 prime?
False
Is 11820703267 prime?
True
Is 20169904283 a prime number?
True
Is 2296403533 a prime number?
False
Is 15325102889 composite?
False
Is 233934283 prime?
False
Is 2017493837 a composite number?
True
Is 3891091549 prime?
True
Is 85859768513 a prime number?
True
Is 4151218153 prime?
False
Is 21075477581 prime?
False
Is 8006959799 composite?
False
Is 22150098557 composite?
False
Is 6149083361 a prime number?
True
Is 548447357 a composite number?
False
Is 214086629 a prime number?
True
Is 1892767533 composite?
True
Is 1078887421 a composite number?
False
Is 237773827 a prime number?
True
Is 55639034527 a composite number?
True
Is 5969442631 a prime number?
False
Is 112244899601 prime?
False
Is 36547385911 a composite number?
True
Is 176052191797 prime?
True
Is 10298250791 prime?
True
Is 2357394497 a prime number?
True
Is 4172057207 a composite number?
False
Is 642474622 a composite number?
True
Is 100436955067 a prime number?
False
Is 192882863 a composite number?
True
Is 9251401451 prime?
False
Is 690657503 a prime number?
False
Is 6323615099 composite?
False
Is 347392511 a composite number?
False
Is 933098071 prime?
False
Is 112614451 a prime number?
True
Is 151273629695 a prime number?
False
Is 119833759 a composite number?
False
Is 24417400627 prime?
False
Is 1663382233 a composite number?
True
Is 13300028173 composite?
True
Is 2074316233 prime?
False
Is 3352562803 prime?
True
Is 1484965803 a composite number?
True
Is 5664914899 prime?
False
Is 4972619011 composite?
True
Is 263664529 composite?
False
Is 78244818011 prime?
True
Is 843446553 a prime number?
False
Is 36080954179 a prime number?
True
Is 2202803989 a prime number?
False
Is 68384165929 a composite number?
False
Is 2187361541 a composite number?
False
Is 1625464597 prime?
True
Is 16980041471 a prime number?
True
Is 17